1100?
-1001010
In base 15, what is 10957 + -16?
10941
In base 3, what is -212000 - 2110?
-221110
In base 9, what is 0 - 13423?
-13423
In base 3, what is -1 + -2011021201?
-2011021202
In base 3, what is 2 - 111222210?
-111222201
In base 16, what is -85098 - 3?
-8509b
In base 7, what is 21220 + 314?
21534
In base 13, what is 610 + -18?
5c5
In base 12, what is 337 - -7b5?
b30
In base 15, what is 2 - -16bcc9?
16bccb
In base 8, what is -25 - -23541?
23514
In base 5, what is 4 - 221442?
-221433
In base 11, what is -9a6 + -2?
-9a8
In base 10, what is 183 + 766?
949
In base 8, what is -4 + -1565072?
-1565076
In base 11, what is -401 + -1696?
-1a97
In base 2, what is 110 - 1100100010011110?
-1100100010011000
In base 4, what is 2331102 - 2?
2331100
In base 12, what is -2 - -5a8210?
5a820a
In base 6, what is 12 - -103141?
103153
In base 11, what is -1a5 - 1539?
-1733
In base 2, what is -10 - 111111001101001?
-111111001101011
In base 15, what is -4 + -84a1?
-84a5
In base 13, what is -b4a5 - -11?
-b494
In base 9, what is 3670 + 32?
3712
In base 8, what is -20 + -6735?
-6755
In base 16, what is -2 + -8e37?
-8e39
In base 2, what is -11010010 + 101001000101?
100101110011
In base 12, what is 4 + -47436?
-47432
In base 16, what is -1ce60c - 5?
-1ce611
In base 7, what is -40 - -113?
43
In base 5, what is -12413324 - -10?
-12413314
In base 11, what is 3 - 185a?
-1857
In base 6, what is -1 + -23512?
-23513
In base 5, what is -131333 + -20?
-131403
In base 8, what is -305 + 145?
-140
In base 8, what is -162 - 10?
-172
In base 15, what is -ab - -3bb?
310
In base 14, what is 39c07a - 0?
39c07a
In base 7, what is 1004 + 12?
1016
In base 14, what is -94553 - 3?
-94556
In base 4, what is 0 - 1120310012?
-1120310012
In base 11, what is -732814 - -1?
-732813
In base 10, what is 1689 - -793?
2482
In base 8, what is -40244 - 37?
-40303
In base 16, what is -2 - -4a67b?
4a679
In base 5, what is -10140 - -130?
-10010
In base 14, what is -11 + -38b1?
-38c2
In base 15, what is -29c7 - -ca?
-28ec
In base 8, what is -6133 - 5?
-6140
In base 10, what is 6 + -2934?
-2928
In base 6, what is -314 - 23152?
-23510
In base 8, what is -132 - 1616?
-1750
In base 14, what is -13 - 2021?
-2034
In base 16, what is -2 - -70c?
70a
In base 11, what is 4844 - -6?
484a
In base 9, what is 5 - 143526?
-143521
In base 7, what is 3161403 + 0?
3161403
In base 4, what is 100 - 123230?
-123130
In base 8, what is -27 + -414?
-443
In base 2, what is 1010010001 + -1010?
1010000111
In base 5, what is 14422 + -23?
14344
In base 2, what is 10010010 - 110101111011?
-110011101001
In base 13, what is -166 - a1?
-237
In base 7, what is -1464 + 211?
-1253
In base 2, what is 11101110000 + -1011100?
11100010100
In base 14, what is 2612 - 9?
2607
In base 10, what is 174 + -82?
92
In base 5, what is -4331 - 34204?
-44040
In base 14, what is -5 + 326643?
32663c
In base 13, what is 1c4 + -57a6?
-55b2
In base 5, what is 223 - -2202?
2430
In base 8, what is -5344045 - 1?
-5344046
In base 14, what is 2 - 19704?
-19702
In base 16, what is 2 - 18bf?
-18bd
In base 11, what is 425a34 + 4?
425a38
In base 14, what is -245 + 16?
-22d
In base 16, what is c + -2af05?
-2aef9
In base 14, what is -2c + 878?
84a
In base 8, what is -167 - -1000?
611
In base 11, what is -357 + -49?
-3a5
In base 6, what is 115 - -13454?
14013
In base 10, what is 5 - -40683?
40688
In base 14, what is 4 + -10393?
-1038d
In base 15, what is -1966 + b?
-195a
In base 10, what is 2198 + -221?
1977
In base 5, what is -2232221 - -103?
-2232113
In base 15, what is -b7b6d - 1?
-b7b6e
In base 4, what is -10 - -1231313103?
1231313033
In base 2, what is -110101 - -111100110101?
111100000000
In base 5, what is 322442 - 101?
322341
In base 15, what is 128c - 5a?
1232
In base 8, what is 555 - 512?
43
In base 7, what is -33 - 5005?
-5041
In base 9, what is 232053 + 4?
232057
In base 14, what is 8 - -3231?
3239
In base 5, what is -10 - -112421120?
112421110
In base 5, what is -2 + -111021431?
-111021433
In base 5, what is 102200330 - 0?
102200330
In base 8, what is -170054 + -21?
-170075
In base 5, what is -433 - -203?
-230
In base 12, what is 5 - 56bb4?
-56bab
In base 3, what is -10000 - 1200?
-11200
In base 2, what is 11011010101000 + -1101?
11011010011011
In base 3, what is -11 + 200002200001?
200002122220
In base 13, what is 724 + -6?
71b
In base 12, what is -34 - 52b1?
-5325
In base 6, what is 452 + 15122?
20014
In base 3, what is -10020012210100 + 0?
-10020012210100
In base 16, what is -4 + 43d1?
43cd
In base 4, what is -3003321 - 313?
-3010300
In base 5, what is 1302 - -1322?
3124
In base 16, what is 5 - 1a39a?
-1a395
In base 2, what is -11 + 11010100011110?
11010100011011
In base 10, what is 3 - -490103?
490106
In base 7, what is 1032 + -616?
113
In base 10, what is 55630 - 4?
55626
In base 10, what is 6802 - -2?
6804
In base 5, what is -10104 + 242112?
232003
In base 3, what is 1 - 1201001?
-1201000
In base 15, what is 82a - 798?
82
In base 12, what is 1a - -30931?
3094b
In base 2, what is -101010 + -10011000100010?
-10011001001100
In base 14, what is 3da44 + -12?
3da32
In base 12, what is -2 - 29331?
-29333
In base 6, what is -32 + 240325?
240253
In base 15, what is 3162 + -1?
3161
In base 14, what is 2 - -233a?
233c
In base 9, what is -618462 - 2?
-618464
In base 16, what is -501b - 12?
-502d
In base 9, what is -18 - -14256?
14237
In base 2, what is -1 - -111110100000111?
111110100000110
In base 10, what is 3 + -25820?
-25817
In base 7, what is -40235 - -10?
-40225
In base 16, what is cd - b?
c2
In base 2, what is -1100 + -110000110110110?
-110000111000010
In base 16, what is 32c + -1bd?
16f
In base 10, what is -842 + -52?
-894
In base 6, what is 43 + 112124?
112211
In base 14, what is 3 + -212d?
-212a
In base 13, what is 8 - c1015?
-c100a
In base 12, what is 29540a - -2?
295410
In base 11, what is -1421 - 32?
-1453
In base 10, what is 4458 - -791?
5249
In base 7, what is -63060 - 13?
-63103
In base 16, what is 84 + 166c?
16f0
In base 11, what is -103 - 37?
-13a
In base 3, what is 1000 + 101222112?
102000112
In base 9, what is 2 + -10887?
-10885
In base 13, what is -83c - -1?
-83b
In base 15, what is -12 + -2?
-14
In base 3, what is 21 - -21100200?
21100221
In base 9, what is -3523 - -1160?
-2353
In base 3, what is 1102000101 + -10?
1102000021
In base 7, what is 236 - 23?
213
In base 15, what is c + 3d38?
3d45
In base 3, what is -101210221 - 12020?
-102000011
In base 6, what is -31 - 22315?
-22350
In base 14, what is -361 + -1c0?
-541
In base 11, what is 28763 - 18?
28746
In base 13, what is -3 - 13045?
-13048
In base 7, what is 106 + -154?
-45
In base 5, what is 12300 - -102?
12402
In base 6, what is 2145244 + 34?
2145322
In base 9, what is -10181662 - 5?
-10181667
In base 15, what is -27 + -20a2?
-20c9
In base 6, what is 145535 + -415?
145120
In base 10, what is -45332 - 1?
-45333
In base 16, what is 8fc - -16?
912
In base 14, what is -2086 - 2b?
-20b3
In base 3, what is -1011 + 20220212000?
20220210212
In base 14, what is -2b935 + 1?
-2b934
In base 8, what is -104366 + 2?
-104364
In base 8, what is 160 + 716?
1076
In base 6, what is -34132 - 45?
-34221
In base 4, what is -10021322 - 3?
-10021331
In base 8, what is 0 - 12355?
-12355
In base 14, what is 5a + 21b5?
2231
In base 6, what is 20322254 + 1?
20322255
In base 3, what is -202201101 + 10?
-202201021
In base 7, what is 16 + 12202?
12221
In base 11, what is a0360 + 3?
a0363
In base 12, what is -6208 + -16?
-6222
In base 5, what is -242420134 + 10?
-242420124
In base 6, what is -11135 + 104?
-11031
In base 2, what is -10111 - 1000110010011?
-1000110101010
In base 16, what is 6 - -49fe?
4a04
In base 16, what is -92e6 - -2?
-92e4
In base 7, what is 5206110 + -5?
5206102
In base 6, what is -1021021 - -1?
-1021020
In base 3, what is -110021 - 11020?
-121111
In base 16, what is 3a9 - -193?
53c
In base 7, what is -2 + -11330432?
-11330434
In base 9, what is 84 + -3202?
-3107
In base 15, what is -2959a + -4?
-2959e
In base 16, what is -1bb + -1005?
-11c0
In base 16, what is 63 + 1dc?
23f
In base 10, what is 11332 + -12?
11320
In base 3, what is 11021211 - 21?
11021120
In base 4, what is -23020 - -2013?
-21001
In base 3, what is 10212 - -1222?
12211
In base 7, what is 302 - -203?
505
In base 4, what is -120213 